and 27?
3
Calculate the greatest common factor of 28 and 308.
28
What is the greatest common factor of 6112 and 288?
32
Calculate the highest common factor of 8704 and 34.
34
What is the greatest common factor of 255 and 6800?
85
Calculate the greatest common divisor of 100 and 975.
25
What is the highest common divisor of 225 and 27?
9
What is the greatest common factor of 8 and 6?
2
What is the greatest common divisor of 160 and 2384?
16
What is the highest common divisor of 171 and 243?
9
What is the highest common factor of 27 and 1863?
27
What is the greatest common divisor of 108 and 84?
12
What is the greatest common divisor of 154 and 352?
22
Calculate the highest common factor of 120 and 24.
24
What is the greatest common factor of 690 and 60?
30
Calculate the highest common factor of 12 and 544.
4
Calculate the highest common divisor of 7 and 65.
1
What is the greatest common divisor of 113144 and 8?
8
Calculate the highest common factor of 376 and 92.
4
Calculate the greatest common divisor of 14066 and 26.
26
What is the greatest common divisor of 64 and 176?
16
What is the greatest common divisor of 234 and 195?
39
Calculate the highest common factor of 56 and 462.
14
What is the highest common factor of 59 and 944?
59
What is the highest common factor of 80 and 10?
10
Calculate the highest common divisor of 550 and 50.
50
What is the greatest common factor of 65 and 143?
13
Calculate the highest common divisor of 25055 and 5.
5
Calculate the greatest common divisor of 209 and 110.
11
Calculate the highest common factor of 1243 and 113.
113
What is the highest common divisor of 11 and 5137?
11
Calculate the highest common factor of 27921 and 41.
41
Calculate the highest common factor of 30 and 130.
10
What is the highest common divisor of 55 and 5?
5
Calculate the highest common divisor of 9 and 369.
9
What is the highest common divisor of 2977 and 13?
13
Calculate the greatest common factor of 148 and 740.
148
Calculate the greatest common divisor of 1472 and 92.
92
What is the highest common factor of 68 and 7412?
68
What is the greatest common factor of 6490 and 55?
55
What is the greatest common divisor of 150 and 975?
75
What is the highest common divisor of 51 and 51?
51
Calculate the greatest common factor of 87 and 696.
87
What is the highest common factor of 78 and 533?
13
What is the highest common factor of 544 and 34?
34
What is the highest common divisor of 33917 and 13?
13
Calculate the highest common divisor of 3036 and 561.
33
Calculate the greatest common factor of 110 and 550.
110
What is the greatest common factor of 5 and 515?
5
What is the highest common divisor of 58 and 116?
58
What is the greatest common factor of 40 and 280?
40
What is the greatest common divisor of 1475 and 472?
59
Calculate the highest common factor of 65 and 13.
13
What is the greatest common divisor of 703 and 19?
19
What is the greatest common factor of 22 and 638?
22
Calculate the highest common factor of 52 and 1300.
52
Calculate the greatest common factor of 182 and 78.
26
What is the highest common divisor of 16 and 113?
1
Calculate the highest common divisor of 14 and 4312.
14
Calculate the greatest common divisor of 4160 and 2880.
320
Calculate the highest common factor of 10 and 1520.
10
What is the highest common divisor of 2101 and 11?
11
What is the greatest common divisor of 1 and 131?
1
Calculate the highest common divisor of 3368 and 16.
8
What is the highest common divisor of 399 and 4617?
57
Calculate the greatest common factor of 24 and 18.
6
What is the greatest common factor of 1793 and 489?
163
What is the highest common divisor of 16 and 18?
2
Calculate the highest common factor of 6 and 27.
3
Calculate the highest common factor of 550 and 790.
10
What is the greatest common divisor of 32 and 128?
32
What is the greatest common factor of 9 and 153?
9
Calculate the greatest common factor of 36 and 468.
36
What is the greatest common divisor of 25 and 3005?
5
Calculate the greatest common divisor of 8 and 428.
4
Calculate the greatest common factor of 292 and 365.
73
Calculate the highest common divisor of 24 and 108.
12
What is the greatest common factor of 2262 and 117?
39
What is the greatest common factor of 189 and 147?
21
Calculate the greatest common divisor of 80 and 7500.
20
Calculate the greatest common factor of 30 and 1635.
15
Calculate the greatest common divisor of 423 and 9.
9
Calculate the highest common divisor of 22 and 64.
2
Calculate the highest common factor of 21610 and 20.
10
What is the highest common divisor of 20 and 5?
5
What is the highest common divisor of 1600 and 550?
50
Calculate the highest common divisor of 1339 and 13.
13
Calculate the greatest common factor of 69 and 9.
3
What is the greatest common factor of 4 and 2948?
4
Calculate the greatest common divisor of 11130 and 672.
42
What is the highest common factor of 4158 and 6006?
462
What is the greatest common factor of 76 and 1444?
76
Calculate the highest common divisor of 2581 and 534.
89
What is the greatest common divisor of 39408 and 12?
12
What is the highest common factor of 8 and 128?
8
Calculate the highest common factor of 2775 and 481.
37
What is the greatest common divisor of 10900 and 900?
100
What is the greatest common divisor of 350 and 1792?
14
Calculate the highest common factor of 296 and 1110.
74
Calculate the highest common factor of 312 and 108.
12
Calculate the greatest common divisor of 120 and 18960.
120
What is the greatest common factor of 1184 and 111?
37
What is the highest common factor of 260 and 8?
4
Calculate the highest common factor of 22 and 25223.
11
What is the highest common divisor of 48590 and 860?
430
Calculate the highest common divisor of 2775 and 222.
111
What is the greatest common factor of 248 and 344?
8
What is the greatest common factor of 4164 and 36?
12
What is the highest common divisor of 32 and 208?
16
What is the greatest common factor of 21 and 6?
3
Calculate the highest common divisor of 45522 and 81.
81
What is the greatest common divisor of 1578 and 6?
6
Calculate the highest common divisor of 112 and 564.
4
What is the highest common factor of 1881 and 99?
99
What is the greatest common factor of 3860 and 20?
20
What is the greatest common factor of 121 and 4?
1
Calculate the highest common divisor of 242 and 55418.
242
Calculate the greatest common divisor of 120 and 6060.
60
Calculate the highest common factor of 1004 and 32.
4
Calculate the greatest common factor of 27 and 3861.
27
What is the highest common divisor of 12 and 21?
3
What is the highest common divisor of 135 and 297?
27
What is the greatest common divisor of 5307 and 696?
87
Calculate the highest common factor of 350 and 7.
7
Calculate the highest common factor of 24 and 336.
24
What is the greatest common factor of 78 and 91?
13
Calculate the greatest common factor of 5497 and 92.
23
What is the greatest common factor of 3044 and 32?
4
What is the highest common divisor of 84 and 714?
42
Calculate the greatest common divisor of 336 and 70.
14
Calculate the greatest common divisor of 268 and 3.
1
Calculate the highest common divisor of 8843 and 478.
239
Calculate the highest common divisor of 156 and 3848.
52
What is the highest common factor of 14 and 95606?
14
What is the greatest common divisor of 27 and 3?
3
What is the greatest common factor of 153 and 36?
9
Calculate the highest common factor of 296 and 5032.
296
What is the greatest common factor of 22 and 46?
2
What is the highest common divisor of 10016 and 32?
32
Calculate the greatest common factor of 2795 and 301.
43
Calculate the greatest common divisor of 860 and 50.
10
What is the highest common factor of 57 and 159?
3
Calculate the highest common factor of 84 and 8316.
84
Calculate the highest common divisor of 23 and 161.
23
What is the highest common divisor of 11808 and 432?
144
What is the greatest common divisor of 51 and 204?
51
What is the highest common divisor of 25 and 29075?
25
Calculate the highest common factor of 64 and 16.
16
What is the highest common factor of 207 and 46?
23
What is the greatest common factor of 132 and 84?
12
Calculate the highest common divisor of 855 and 380.
95
What is the highest common fact